2, 3, 19, 59, 3517
List the prime factors of 49120157.
17, 23, 125627
What are the prime factors of 1546700363?
13, 131, 908221
List the prime factors of 180659465.
5, 7, 5161699
What are the prime factors of 33335104?
2, 11, 47351
What are the prime factors of 46279663?
61, 193, 3931
List the prime factors of 8111727801.
3, 89, 3375667
What are the prime factors of 544229391?
3, 11909, 15233
What are the prime factors of 573252017?
13, 44096309
List the prime factors of 236809162.
2, 467, 253543
What are the prime factors of 113218693?
7, 73, 149, 1487
What are the prime factors of 287804063?
287804063
List the prime factors of 421800098.
2, 3691, 57139
What are the prime factors of 1024973?
241, 4253
List the prime factors of 2609321828.
2, 4993, 130649
List the prime factors of 365360067.
3, 29, 1399847
List the prime factors of 648581973.
3, 13, 16630307
List the prime factors of 257389070.
2, 5, 25738907
What are the prime factors of 2535724845?
3, 5, 17, 53, 6949
What are the prime factors of 63581360?
2, 5, 17, 46751
What are the prime factors of 2600223136?
2, 7, 1583, 7333
List the prime factors of 22696446.
2, 3, 23, 163, 1009
List the prime factors of 248991202.
2, 83, 181, 8287
List the prime factors of 63679622.
2, 31839811
What are the prime factors of 85256489?
53, 773, 2081
What are the prime factors of 99275785?
5, 7, 181, 15671
List the prime factors of 69728027.
757, 92111
List the prime factors of 70895025.
3, 5, 487, 647
What are the prime factors of 189037549?
189037549
What are the prime factors of 3272786456?
2, 37, 113, 97847
List the prime factors of 93642938.
2, 691, 67759
What are the prime factors of 527501674?
2, 7, 19, 37, 53597
What are the prime factors of 67876574?
2, 37, 917251
What are the prime factors of 2197997126?
2, 13, 41, 71, 113, 257
List the prime factors of 6283045308.
2, 3, 199, 2631091
What are the prime factors of 126121616?
2, 7882601
List the prime factors of 8370125.
5, 29, 2309
List the prime factors of 1018990707.
3, 7, 48523367
List the prime factors of 88676367.
3, 13, 53, 42901
List the prime factors of 7662580.
2, 5, 17, 31, 727
What are the prime factors of 843096159?
3, 93677351
List the prime factors of 1183657078.
2, 317, 1866967
What are the prime factors of 7873781?
97, 81173
List the prime factors of 1063262052.
2, 3, 1031, 1061
List the prime factors of 3620866352.
2, 163, 1388369
What are the prime factors of 168215912?
2, 37, 359, 1583
What are the prime factors of 1313805168?
2, 3, 13, 701819
What are the prime factors of 54985181?
54985181
What are the prime factors of 1222733676?
2, 3, 19, 113, 47459
List the prime factors of 2460082805.
5, 492016561
List the prime factors of 3915178423.
13, 43, 53, 103, 1283
List the prime factors of 75697727.
7, 53, 211, 967
What are the prime factors of 45620558?
2, 19, 61, 19681
List the prime factors of 885315398.
2, 11, 2617, 15377
What are the prime factors of 195193841?
1187, 164443
What are the prime factors of 1325563093?
181, 1019, 7187
List the prime factors of 13111874.
2, 1361, 4817
What are the prime factors of 2606770747?
7, 173, 307511
What are the prime factors of 1003272301?
1297, 773533
List the prime factors of 49410165.
3, 5, 7, 19, 24767
What are the prime factors of 67469508?
2, 3, 1874153
What are the prime factors of 29610060?
2, 3, 5, 193, 2557
List the prime factors of 2182310846.
2, 181, 6028483
What are the prime factors of 2789768256?
2, 3, 11, 23, 227
List the prime factors of 1833465206.
2, 47, 367, 53147
What are the prime factors of 120237426?
2, 3, 2226619
What are the prime factors of 4735825194?
2, 3, 21157, 37307
List the prime factors of 183692754.
2, 3, 7, 1457879
List the prime factors of 19896746.
2, 1471, 6763
What are the prime factors of 2494096023?
3, 71, 881, 13291
What are the prime factors of 1833503811?
3, 23, 79, 336361
What are the prime factors of 3640146239?
3640146239
List the prime factors of 312424130.
2, 5, 17, 1837789
List the prime factors of 142061993.
19, 7476947
What are the prime factors of 44739728?
2, 11, 233, 1091
List the prime factors of 25096658.
2, 17, 29, 25453
What are the prime factors of 3964473?
3, 440497
List the prime factors of 290565256.
2, 23, 593, 2663
What are the prime factors of 247714385?
5, 71, 697787
List the prime factors of 108051579.
3, 12005731
List the prime factors of 426367443.
3, 1069, 132949
List the prime factors of 1358110139.
19, 71479481
What are the prime factors of 93882462?
2, 3, 83, 188519
List the prime factors of 23204279.
7, 1033, 3209
What are the prime factors of 1095251851?
1095251851
What are the prime factors of 27485118?
2, 3, 83, 18397
List the prime factors of 4854489865.
5, 21841, 44453
What are the prime factors of 372077809?
37, 10056157
What are the prime factors of 57910620?
2, 3, 5, 965177
What are the prime factors of 24338870?
2, 5, 491, 4957
List the prime factors of 50334416.
2, 11, 17, 16823
What are the prime factors of 26505174?
2, 3, 1879, 2351
What are the prime factors of 52760280?
2, 3, 5, 29, 15161
What are the prime factors of 92468051?
13, 7112927
What are the prime factors of 686879440?
2, 5, 13, 683, 967
What are the prime factors of 104266820?
2, 5, 7, 23, 32381
List the prime factors of 144857000.
2, 5, 17, 8521
List the prime factors of 9067770.
2, 3, 5, 53, 1901
List the prime factors of 79720972.
2, 19930243
List the prime factors of 1774812477.
3, 19, 31137061
What are the prime factors of 116065616?
2, 7254101
List the prime factors of 36894540.
2, 3, 5, 614909
What are the prime factors of 323424100?
2, 5, 3234241
List the prime factors of 44046350.
2, 5, 31, 157, 181
What are the prime factors of 41392131?
3, 11, 67, 97, 193
What are the prime factors of 171173555?
5, 7, 647, 7559
List the prime factors of 5865263402.
2, 73, 541, 74257
What are the prime factors of 6868872?
2, 3, 95401
What are the prime factors of 1450580595?
3, 5, 541, 178753
What are the prime factors of 433116041?
433116041
What are the prime factors of 4395102992?
2, 7, 179, 211, 1039
What are the prime factors of 2061836984?
2, 19, 47, 257, 1123
List the prime factors of 112812049.
7, 191, 84377
List the prime factors of 1355447924.
2, 338861981
What are the prime factors of 86791556?
2, 21697889
List the prime factors of 4215695332.
2, 31, 33997543
List the prime factors of 160668088.
2, 7, 17, 168769
List the prime factors of 253924020.
2, 3, 5, 7, 137, 1471
List the prime factors of 304211353.
304211353
What are the prime factors of 111541987?
5107, 21841
What are the prime factors of 5295657373?
5295657373
What are the prime factors of 441629102?
2, 220814551
List the prime factors of 42343888.
2, 2646493
List the prime factors of 149433179.
7, 17, 1091, 1151
What are the prime factors of 113446950?
2, 3, 5, 17, 2617
List the prime factors of 86589661.
67, 1292383
What are the prime factors of 127232307?
3, 37, 41, 9319
What are the prime factors of 353039253?
3, 7, 31, 227, 2389
List the prime factors of 2857398819.
3, 11, 86587843
What are the prime factors of 36651561?
3, 467, 26161
List the prime factors of 2566315413.
3, 23, 4132553
What are the prime factors of 75194751?
3, 23, 71, 15349
List the prime factors of 123883863.
3, 61, 676961
List the prime factors of 919109196.
2, 3, 25530811
What are the prime factors of 81527511?
3, 13, 1277, 1637
List the prime factors of 7044067553.
113, 461, 135221
What are the prime factors of 61534532?
2, 15383633
What are the prime factors of 1112304516?
2, 3, 79, 101, 11617
What are the prime factors of 56672829?
3, 1489, 4229
List the prime factors of 2152900953.
3, 7, 103, 331777
List the prime factors of 36183638.
2, 19, 59, 16139
List the prime factors of 89005505.
5, 863, 20627
List the prime factors of 1652109544.
2, 206513693
List the prime factors of 676730649.
3, 7, 59, 317, 1723
What are the prime factors of 2491316549?
2491316549
List the prime factors of 374135667.
3, 937, 133097
What are the prime factors of 4433856?
2, 3, 7, 3299
What are the prime factors of 3279635559?
3, 14543, 25057
List the prime factors of 493347223.
157, 257, 12227
What are the prime factors of 266261612?
2, 53, 619, 2029
What are the prime factors of 240705651?
3, 80235217
List the